{"id":1072,"date":"2018-01-15T02:29:15","date_gmt":"2018-01-15T01:29:15","guid":{"rendered":"http:\/\/air.pk.edu.pl\/?page_id=1072"},"modified":"2020-07-06T12:24:04","modified_gmt":"2020-07-06T10:24:04","slug":"opinie-absolwentow","status":"publish","type":"page","link":"https:\/\/air.pk.edu.pl\/index.php\/opinie-absolwentow\/","title":{"rendered":"Opinie absolwent\u00f3w"},"content":{"rendered":"\n<blockquote class=\"wp-block-quote is-layout-flow wp-block-quote-is-layout-flow\"><p><\/p><cite>Na swoim stanowisku pracy, zajmuj\u0119 si\u0119 projektowaniem schemat\u00f3w elektrycznych oraz uk\u0142ad\u00f3w bezpiecze\u0144stwa, analiz\u0105 ryzyka dla maszyn i stanowisk zrobotyzowanych oraz koordynacj\u0105 prac monta\u017cowych. Studia na kierunku Automatyka i Robotyka pozwoli\u0142y mi pozna\u0107 wiele zagadnie\u0144 zwi\u0105zanych z automatyk\u0105 i systemami sterowania. Zaj\u0119cia na uczelni umo\u017cliwiaj\u0105 zdobycie podstawowej wiedzy wymaganej do pracy w zawodzie, wypracowanie umiej\u0119tno\u015bci rozwi\u0105zywania problem\u00f3w oraz realizacji postawionych zada\u0144.<\/cite><\/blockquote>\n\n\n\n<p>Mgr in\u017c. Maciej K\u0142\u00f3sek \u2013 absolwent AiR 2017 r.<br>Projektant elektryk. Kierownik dzia\u0142u elektrycznego.<br>ACaRS Sp. z o.o.<\/p>\n\n\n\n<div class=\"wp-block-group\"><div class=\"wp-block-group__inner-container is-layout-flow wp-block-group-is-layout-flow\">\n<div class=\"wp-block-group is-layout-flow wp-block-group-is-layout-flow\"><div class=\"wp-block-group__inner-container\"><\/div><\/div>\n<\/div><\/div>\n\n\n\n<div class=\"wp-block-group\"><div class=\"wp-block-group__inner-container is-layout-flow wp-block-group-is-layout-flow\">\n<div style=\"height:50px\" aria-hidden=\"true\" class=\"wp-block-spacer\"><\/div>\n<\/div><\/div>\n\n\n\n<hr class=\"wp-block-separator has-text-color has-background is-style-wide\" style=\"background-color:#0a6c96;color:#0a6c96\"\/>\n\n\n\n<blockquote class=\"wp-block-quote is-layout-flow wp-block-quote-is-layout-flow\"><p><\/p><cite>\u015amia\u0142o mog\u0119 powiedzie\u0107, \u017ce wiedz\u0119 kt\u00f3r\u0105 zdoby\u0142em na studiach wykorzystuj\u0119 w codziennej pracy. Obecnie pracuj\u0119 jako programista automatycznych w\u00f3zk\u00f3w wid\u0142owych tzw. AGV. Niezb\u0119dna na moim stanowisku jest umiej\u0119tno\u015b\u0107 programowania sterownik\u00f3w PLC oraz paneli HMI. Konieczna jest r\u00f3wnie\u017c wiedza z dziedziny mechatroniki, mechaniki, elektroniki oraz hydrauliki. Praca automatyka pozwala na dalszy rozw\u00f3j solidnych podstaw jakie zdoby\u0142em na kierunku Automatyka i Robotyka, a tak\u017ce umo\u017cliwia zwiedzanie wielu ciekawych miejsc na \u015bwiecie przy okazji realizowanych projekt\u00f3w.<\/cite><\/blockquote>\n\n\n\n<p>Mgr in\u017c. Przemys\u0142aw Walu\u015b \u2013 absolwent AiR 2018 r.<br>Programista w\u00f3zk\u00f3w AGV<br>ELETTRIC80<\/p>\n\n\n\n<div style=\"height:50px\" aria-hidden=\"true\" class=\"wp-block-spacer\"><\/div>\n\n\n\n<hr class=\"wp-block-separator is-style-wide\"\/>\n\n\n\n<blockquote class=\"wp-block-quote is-layout-flow wp-block-quote-is-layout-flow\"><p>\u00a0<\/p><cite>W pracy zajmuje si\u0119 projektowaniem powierzchni klasy A, czyli powierzchni widocznych w samochodach takich, jak np. karoseria, deski rozdzielcze. Wykorzystuj\u0119 systemy CAD, kt\u00f3re mia\u0142em mo\u017cliwo\u015b\u0107 pozna\u0107 na uczelni poprzez wykonywanie licznych projekt\u00f3w. Dzi\u0119ki wsparciu prowadz\u0105cych mia\u0142em mo\u017cliwo\u015b\u0107 rozwijania swoich zainteresowa\u0144. Wiedza zdobyta na zaj\u0119ciach pozwoli\u0142a mi na bezproblemowe znalezienie pracy w bran\u017cy automotive.<\/cite><\/blockquote>\n\n\n\n<p>Mgr in\u017c. Adrian \u0141ucarz \u2013 absolwent AiR 2018 r.<br>Projektant powierzchni klasy A<br>CADM Automotive<\/p>\n\n\n\n<div style=\"height:50px\" aria-hidden=\"true\" class=\"wp-block-spacer\"><\/div>\n\n\n\n<hr class=\"wp-block-separator is-style-wide\"\/>\n\n\n\n<blockquote class=\"wp-block-quote is-layout-flow wp-block-quote-is-layout-flow\"><p><\/p><cite>Studia na Kierunku Automatyki i Robotyki nauczy\u0142y mnie interdyscyplinarnego podej\u015bcia do rozwi\u0105zywania pojawiaj\u0105cych si\u0119 problem\u00f3w. Dzi\u0119ki wiedzy zdobytej z Uk\u0142ad\u00f3w sterowania, nap\u0119d\u00f3w pneumatycznych czy PKM jestem w stanie poradzi\u0107 sobie z r\u00f3\u017cnorodnymi wyzwaniami jakie stawia przede mn\u0105 robotyka. Doceniam r\u00f3wnie\u017c mo\u017cliwo\u015b\u0107 zwiedzenia r\u00f3\u017cnych zak\u0142ad\u00f3w produkcyjnych, kt\u00f3re daje spojrzenie jak mo\u017cna wykorzysta\u0107 zdobyt\u0105 na studiach wiedz\u0119 oraz jak mo\u017ce wygl\u0105da\u0107 praca po kierunku AiR.<\/cite><\/blockquote>\n\n\n\n<p>mgr in\u017c. Piotr Kaczorowski \u2013 absolwent AiR 2018 r.<br>Specjalista ds. Robot\u00f3w Przemys\u0142owych<\/p>\n\n\n\n<div style=\"height:50px\" aria-hidden=\"true\" class=\"wp-block-spacer\"><\/div>\n\n\n\n<hr class=\"wp-block-separator is-style-wide\"\/>\n\n\n\n<blockquote class=\"wp-block-quote is-layout-flow wp-block-quote-is-layout-flow\"><p>\u00a0<\/p><cite>Obecnie pracuj\u0119 w Dziale Handlowym Mitsubishi Electric Europe. Moje obowi\u0105zki to dob\u00f3r, wycena i procesowanie sprzeda\u017cy naszych towar\u00f3w z zakresu automatyki przemys\u0142owej. Na co dzie\u0144 spotykam si\u0119 z zaawansowan\u0105 technologi\u0105 w postaci robot\u00f3w, falownik\u00f3w, sterownik\u00f3w PLC, paneli HMI, serwonap\u0119d\u00f3w czy te\u017c maszyn CNC. Dzi\u0119ki zdobytej wiedzy na uczelni moje wej\u015bcie do \u015bwiata technologii przebieg\u0142o p\u0142ynnie i bezbole\u015bnie. Dodadtkowo wiem, \u017ce kilku z wysoko postawionych prze\u0142o\u017conych r\u00f3wnie\u017c studiowa\u0142o Automatyk\u0119 i Robotyk\u0119 na Politechnice Krakowskiej. Pokazuje to, \u017ce jest to uczelnia, kt\u00f3rej uko\u0144czenie daje realn\u0105 perspektyw\u0119 na karier\u0119 w najwi\u0119kszych firmach in\u017cynierskich na \u015bwiecie.<\/cite><\/blockquote>\n\n\n\n<p>\u00a0In\u017c. Jan Tokarski \u2013 absolwent AiR 2018 r.<\/p>\n","protected":false},"excerpt":{"rendered":"<p>Na swoim stanowisku pracy, zajmuj\u0119 si\u0119 projektowaniem schemat\u00f3w elektrycznych oraz uk\u0142ad\u00f3w bezpiecze\u0144stwa, analiz\u0105 ryzyka dla maszyn i stanowisk zrobotyzowanych oraz koordynacj\u0105 prac monta\u017cowych. Studia na kierunku Automatyka i Robotyka pozwoli\u0142y mi pozna\u0107 wiele zagadnie\u0144 zwi\u0105zanych z automatyk\u0105 i systemami sterowania. Zaj\u0119cia na uczelni umo\u017cliwiaj\u0105 zdobycie podstawowej wiedzy wymaganej do pracy w zawodzie, wypracowanie umiej\u0119tno\u015bci rozwi\u0105zywania [&hellip;]<\/p>\n","protected":false},"author":4,"featured_media":0,"parent":0,"menu_order":0,"comment_status":"closed","ping_status":"closed","template":"","meta":{"footnotes":""},"class_list":["post-1072","page","type-page","status-publish","hentry"],"_links":{"self":[{"href":"https:\/\/air.pk.edu.pl\/index.php\/wp-json\/wp\/v2\/pages\/1072","targetHints":{"allow":["GET"]}}],"collection":[{"href":"https:\/\/air.pk.edu.pl\/index.php\/wp-json\/wp\/v2\/pages"}],"about":[{"href":"https:\/\/air.pk.edu.pl\/index.php\/wp-json\/wp\/v2\/types\/page"}],"author":[{"embeddable":true,"href":"https:\/\/air.pk.edu.pl\/index.php\/wp-json\/wp\/v2\/users\/4"}],"replies":[{"embeddable":true,"href":"https:\/\/air.pk.edu.pl\/index.php\/wp-json\/wp\/v2\/comments?post=1072"}],"version-history":[{"count":0,"href":"https:\/\/air.pk.edu.pl\/index.php\/wp-json\/wp\/v2\/pages\/1072\/revisions"}],"wp:attachment":[{"href":"https:\/\/air.pk.edu.pl\/index.php\/wp-json\/wp\/v2\/media?parent=1072"}],"curies":[{"name":"wp","href":"https:\/\/api.w.org\/{rel}","templated":true}]}}