{"id":1741,"date":"2020-05-19T16:47:52","date_gmt":"2020-05-19T14:47:52","guid":{"rendered":"https:\/\/air.pk.edu.pl\/?page_id=1741"},"modified":"2020-07-07T14:06:46","modified_gmt":"2020-07-07T12:06:46","slug":"automatyzacja-systemow-wytwarzania","status":"publish","type":"page","link":"https:\/\/air.pk.edu.pl\/index.php\/studia-ii-stopnia\/automatyzacja-systemow-wytwarzania\/","title":{"rendered":"Automatyzacja System\u00f3w Wytwarzania"},"content":{"rendered":"\n<h2 class=\"wp-block-heading\"><strong>Studia II stopnia<\/strong><\/h2>\n\n\n\n<p>Program specjalno\u015bci jest odpowiedzi\u0105 na <strong>wyzwania czwartej rewolucji przemys\u0142owej<\/strong>, kt\u00f3rej wyr\u00f3\u017cnikiem jest cyfrowa produkcja b\u0119d\u0105ca urzeczywistnieniem inteligentnej fabryki. W takiej fabryce systemy cyber-fizyczne steruj\u0105 procesami fizycznymi, tworz\u0105c wirtualne (cyfrowe) kopie \u015bwiata realnego.<\/p>\n\n\n\n<p>Absolwenci specjalno\u015bci poznaj\u0105 techniki i zasady funkcjonowania organizacji produkcyjnych stosuj\u0105cych \u0142\u0105cznie lub u\u017cywaj\u0105cych system\u00f3w cyber- fizycznych, internetu rzeczy i przetwarzania chmurowego otrzymuj\u0105c wiedz\u0119 z zakresu zintegrowanego projektowania wyrob\u00f3w proces\u00f3w i system\u00f3w wytwarzania.<\/p>\n\n\n\n<p>Opis aktualnych przedmiot\u00f3w og\u00f3lnych, kierunkowych oraz specjalno\u015bciowych realizowanych na specjalno\u015bci w roku 2020\/21 znajduje si\u0119 pod linkiem:<\/p>\n\n\n\n<h3 class=\"has-text-align-center wp-block-heading\">Plan specjalno\u015bci: <br><a rel=\"noreferrer noopener\" href=\"http:\/\/www.syllabus.pk.edu.pl\/plan\/show\/html.pk?id=3746\" target=\"_blank\"><strong>Automatyzacja system\u00f3w wytwarzania<\/strong><\/a><\/h3>\n\n\n\n<p><\/p>\n\n\n\n<figure class=\"wp-block-gallery columns-2 is-cropped wp-block-gallery-1 is-layout-flex wp-block-gallery-is-layout-flex\"><ul class=\"blocks-gallery-grid\"><li class=\"blocks-gallery-item\"><figure><img fetchpriority=\"high\" decoding=\"async\" width=\"1024\" height=\"683\" src=\"https:\/\/air.pk.edu.pl\/wp-content\/uploads\/2020\/07\/AiR-17-1024x683.jpg\" alt=\"\" data-id=\"2726\" data-full-url=\"https:\/\/air.pk.edu.pl\/wp-content\/uploads\/2020\/07\/AiR-17.jpg\" data-link=\"https:\/\/air.pk.edu.pl\/air-17\/\" class=\"wp-image-2726\" srcset=\"https:\/\/air.pk.edu.pl\/wp-content\/uploads\/2020\/07\/AiR-17-1024x683.jpg 1024w, https:\/\/air.pk.edu.pl\/wp-content\/uploads\/2020\/07\/AiR-17-300x200.jpg 300w, https:\/\/air.pk.edu.pl\/wp-content\/uploads\/2020\/07\/AiR-17-768x512.jpg 768w, https:\/\/air.pk.edu.pl\/wp-content\/uploads\/2020\/07\/AiR-17-1536x1024.jpg 1536w, https:\/\/air.pk.edu.pl\/wp-content\/uploads\/2020\/07\/AiR-17.jpg 1600w\" sizes=\"(max-width: 1024px) 100vw, 1024px\" \/><\/figure><\/li><li class=\"blocks-gallery-item\"><figure><img decoding=\"async\" width=\"1024\" height=\"684\" src=\"https:\/\/air.pk.edu.pl\/wp-content\/uploads\/2020\/07\/AiR-23-1024x684.jpg\" alt=\"\" data-id=\"2732\" data-full-url=\"https:\/\/air.pk.edu.pl\/wp-content\/uploads\/2020\/07\/AiR-23.jpg\" data-link=\"https:\/\/air.pk.edu.pl\/air-23\/\" class=\"wp-image-2732\" srcset=\"https:\/\/air.pk.edu.pl\/wp-content\/uploads\/2020\/07\/AiR-23-1024x684.jpg 1024w, https:\/\/air.pk.edu.pl\/wp-content\/uploads\/2020\/07\/AiR-23-300x200.jpg 300w, https:\/\/air.pk.edu.pl\/wp-content\/uploads\/2020\/07\/AiR-23-768x513.jpg 768w, https:\/\/air.pk.edu.pl\/wp-content\/uploads\/2020\/07\/AiR-23-1536x1025.jpg 1536w, https:\/\/air.pk.edu.pl\/wp-content\/uploads\/2020\/07\/AiR-23.jpg 1600w\" sizes=\"(max-width: 1024px) 100vw, 1024px\" \/><\/figure><\/li><li class=\"blocks-gallery-item\"><figure><img decoding=\"async\" width=\"1024\" height=\"663\" src=\"https:\/\/air.pk.edu.pl\/wp-content\/uploads\/2020\/07\/AiR-14-1024x663.jpg\" alt=\"\" data-id=\"2723\" data-full-url=\"https:\/\/air.pk.edu.pl\/wp-content\/uploads\/2020\/07\/AiR-14.jpg\" data-link=\"https:\/\/air.pk.edu.pl\/air-14\/\" class=\"wp-image-2723\" srcset=\"https:\/\/air.pk.edu.pl\/wp-content\/uploads\/2020\/07\/AiR-14-1024x663.jpg 1024w, https:\/\/air.pk.edu.pl\/wp-content\/uploads\/2020\/07\/AiR-14-300x194.jpg 300w, https:\/\/air.pk.edu.pl\/wp-content\/uploads\/2020\/07\/AiR-14-768x497.jpg 768w, https:\/\/air.pk.edu.pl\/wp-content\/uploads\/2020\/07\/AiR-14-1536x995.jpg 1536w, https:\/\/air.pk.edu.pl\/wp-content\/uploads\/2020\/07\/AiR-14.jpg 1600w\" sizes=\"(max-width: 1024px) 100vw, 1024px\" \/><\/figure><\/li><\/ul><\/figure>\n","protected":false},"excerpt":{"rendered":"<p>Studia II stopnia Program specjalno\u015bci jest odpowiedzi\u0105 na wyzwania czwartej rewolucji przemys\u0142owej, kt\u00f3rej wyr\u00f3\u017cnikiem jest cyfrowa produkcja b\u0119d\u0105ca urzeczywistnieniem inteligentnej fabryki. W takiej fabryce systemy cyber-fizyczne steruj\u0105 procesami fizycznymi, tworz\u0105c wirtualne (cyfrowe) kopie \u015bwiata realnego. Absolwenci specjalno\u015bci poznaj\u0105 techniki i zasady funkcjonowania organizacji produkcyjnych stosuj\u0105cych \u0142\u0105cznie lub u\u017cywaj\u0105cych system\u00f3w cyber- fizycznych, internetu rzeczy i przetwarzania [&hellip;]<\/p>\n","protected":false},"author":4,"featured_media":2717,"parent":1716,"menu_order":0,"comment_status":"closed","ping_status":"closed","template":"","meta":{"footnotes":""},"class_list":["post-1741","page","type-page","status-publish","has-post-thumbnail","hentry"],"_links":{"self":[{"href":"https:\/\/air.pk.edu.pl\/index.php\/wp-json\/wp\/v2\/pages\/1741","targetHints":{"allow":["GET"]}}],"collection":[{"href":"https:\/\/air.pk.edu.pl\/index.php\/wp-json\/wp\/v2\/pages"}],"about":[{"href":"https:\/\/air.pk.edu.pl\/index.php\/wp-json\/wp\/v2\/types\/page"}],"author":[{"embeddable":true,"href":"https:\/\/air.pk.edu.pl\/index.php\/wp-json\/wp\/v2\/users\/4"}],"replies":[{"embeddable":true,"href":"https:\/\/air.pk.edu.pl\/index.php\/wp-json\/wp\/v2\/comments?post=1741"}],"version-history":[{"count":0,"href":"https:\/\/air.pk.edu.pl\/index.php\/wp-json\/wp\/v2\/pages\/1741\/revisions"}],"up":[{"embeddable":true,"href":"https:\/\/air.pk.edu.pl\/index.php\/wp-json\/wp\/v2\/pages\/1716"}],"wp:featuredmedia":[{"embeddable":true,"href":"https:\/\/air.pk.edu.pl\/index.php\/wp-json\/wp\/v2\/media\/2717"}],"wp:attachment":[{"href":"https:\/\/air.pk.edu.pl\/index.php\/wp-json\/wp\/v2\/media?parent=1741"}],"curies":[{"name":"wp","href":"https:\/\/api.w.org\/{rel}","templated":true}]}}